{"id":64,"date":"2020-02-20T21:25:34","date_gmt":"2020-02-20T21:25:34","guid":{"rendered":"http:\/\/szhellbach.de\/?page_id=64"},"modified":"2026-01-21T22:13:59","modified_gmt":"2026-01-21T22:13:59","slug":"termine","status":"publish","type":"page","link":"https:\/\/szhellbach.de\/?page_id=64","title":{"rendered":"Termine"},"content":{"rendered":"\n<div class=\"wp-block-columns is-layout-flex wp-container-core-columns-is-layout-9d6595d7 wp-block-columns-is-layout-flex\">\n<div class=\"wp-block-column is-layout-flow wp-block-column-is-layout-flow\" style=\"flex-basis:100%\">\n<figure class=\"wp-block-table\"><table><tbody><tr><td><strong>Datum<\/strong><\/td><td><strong>Auftritt<\/strong><\/td><td><strong>Kleidung<\/strong><\/td><td><strong>wann und wo<\/strong><\/td><\/tr><tr><td>&nbsp;<\/td><td>&nbsp;<\/td><td>&nbsp;<\/td><td>&nbsp;<\/td><\/tr><tr><td>04.02.26<\/td><td>Theatergruppe St. Josef<\/td><td>Jeans,Weste,Orden!<\/td><td>Bockey 18:30<\/td><\/tr><tr><td>15.02.26<\/td><td>Rathausst\u00fcrmung<\/td><td>Verkleidung,Orden!<\/td><td>10:15<\/td><\/tr><tr><td>17.02.26<\/td><td>Klingeldienstag<\/td><td>Jeans,Weste,Orden!<\/td><td>Bockey 12:00<\/td><\/tr><tr><td>09.05.26<\/td><td>Besichtigung der Pott&#8217;s Brauerei in Oelde<\/td><td><\/td><td>Pott&#8217;s<br>18:15<\/td><\/tr><tr><td>04.06.26<\/td><td>Freibadfest<\/td><td>wei\u00dfe Hose, Weste<\/td><td>Freibad 10:00<\/td><\/tr><tr><td>18.07.26<\/td><td>Hubertus Sch\u00fctzenfest<\/td><td>&nbsp;wei\u00dfe Hose, Weste<\/td><td>Infos folgen<\/td><\/tr><tr><td>-19.07.26<\/td><td>Hubertus Sch\u00fctzenfest<\/td><td>&nbsp;wei\u00dfe Hose, Weste<\/td><td>Infos folgen<\/td><\/tr><tr><td>25.07.26<\/td><td>AWO Sommerfest<\/td><td>zivil<\/td><td>Infos folgen<\/td><\/tr><tr><td>08.08.26<\/td><td>B\u00fcrgersch\u00fctzenfest<\/td><td>wei\u00dfe Hose, Weste<\/td><td>Infos folgen<\/td><\/tr><tr><td>-09.08.26<\/td><td>Neubeckum<\/td><td>wei\u00dfe Hose, Weste<\/td><td>Infos folgen<\/td><\/tr><tr><td>November<\/td><td>St. Martinsumzug<\/td><td>Jeans, Regenjacke<\/td><td>Infos folgen<\/td><\/tr><tr><td>15.11.26<\/td><td>Volkstrauertag<\/td><td>schwarze Hose, Regenjacke<\/td><td>11:00 Rathaus<\/td><\/tr><tr><td>09.01.27<\/td><td>Jahreshaupt-versammlung<\/td><td><\/td><td>Infos folgen<\/td><\/tr><\/tbody><\/table><\/figure>\n<\/div>\n<\/div>\n","protected":false},"excerpt":{"rendered":"<p>Datum Auftritt Kleidung wann und wo &nbsp; &nbsp; &nbsp; &nbsp; 04.02.26 Theatergruppe St. Josef Jeans,Weste,Orden! Bockey 18:30 15.02.26 Rathausst\u00fcrmung Verkleidung,Orden! 10:15 17.02.26 Klingeldienstag Jeans,Weste,Orden! Bockey 12:00 09.05.26 Besichtigung der Pott&#8217;s Brauerei in Oelde Pott&#8217;s18:15 04.06.26 Freibadfest wei\u00dfe Hose, Weste Freibad 10:00 18.07.26 Hubertus Sch\u00fctzenfest &nbsp;wei\u00dfe Hose, Weste Infos folgen -19.07.26 Hubertus Sch\u00fctzenfest &nbsp;wei\u00dfe Hose, Weste &hellip; <a href=\"https:\/\/szhellbach.de\/?page_id=64\" class=\"more-link\"><span class=\"screen-reader-text\">&#8222;Termine&#8220; <\/span>weiterlesen<\/a><\/p>\n","protected":false},"author":1,"featured_media":0,"parent":0,"menu_order":0,"comment_status":"closed","ping_status":"closed","template":"","meta":{"footnotes":""},"class_list":["post-64","page","type-page","status-publish","hentry"],"_links":{"self":[{"href":"https:\/\/szhellbach.de\/index.php?rest_route=\/wp\/v2\/pages\/64","targetHints":{"allow":["GET"]}}],"collection":[{"href":"https:\/\/szhellbach.de\/index.php?rest_route=\/wp\/v2\/pages"}],"about":[{"href":"https:\/\/szhellbach.de\/index.php?rest_route=\/wp\/v2\/types\/page"}],"author":[{"embeddable":true,"href":"https:\/\/szhellbach.de\/index.php?rest_route=\/wp\/v2\/users\/1"}],"replies":[{"embeddable":true,"href":"https:\/\/szhellbach.de\/index.php?rest_route=%2Fwp%2Fv2%2Fcomments&post=64"}],"version-history":[{"count":17,"href":"https:\/\/szhellbach.de\/index.php?rest_route=\/wp\/v2\/pages\/64\/revisions"}],"predecessor-version":[{"id":99,"href":"https:\/\/szhellbach.de\/index.php?rest_route=\/wp\/v2\/pages\/64\/revisions\/99"}],"wp:attachment":[{"href":"https:\/\/szhellbach.de\/index.php?rest_route=%2Fwp%2Fv2%2Fmedia&parent=64"}],"curies":[{"name":"wp","href":"https:\/\/api.w.org\/{rel}","templated":true}]}}